0 + 1)?
-46
What is the value of (0 - 0) + (-202 - -271) + (-5 - (3 - 2))?
63
(23 - 0) + (108 - 63) + -120
-52
-175 + (173 - 65 - -2)
-65
Calculate 8 + -1 + (-83 - (-15 - 33)).
-28
Calculate -13 - (-13 - -25 - 23) - (-4 - -63).
-61
What is the value of (52 - -24) + (198 - 268)?
6
What is -200 + 181 - (-2 - -27) - -33?
-11
Calculate -98 - -74 - -67 - 16.
27
Evaluate 95 + 9 + -190 + 178.
92
What is the value of (12 - (37 + -20)) + 36 - 36?
-5
0 - -118 - (18023 + -17985)
80
Evaluate -7 + -4 - ((-2 - 0 - 11) + 426 + -330).
-94
What is the value of -1 - (3 - 51) - ((-16 - -12) + 15)?
36
1 - 21 - ((-9 - -7 - -22) + 46)
-86
-3 + (13 - (-8 + 12)) + -23
-17
Calculate (51 - 34) + -50 + 24.
-9
Evaluate 129 + -131 + 14 + -28 + 77.
61
What is -5 - (-36 - -13) - (56 + -1)?
-37
Calculate 156 + -172 + 15 - (65 + 0).
-66
(290 - 254) + -1 + -59
-24
Calculate -69 - (-82 + 97 - 76).
-8
Evaluate 0 + -18 + (-12 - (-12 - 3)) - (-7 + -3).
-5
Evaluate 10 - -3 - ((-3 - 1) + -5 + (3 - 113)).
132
Calculate -1601 + 1587 + (-49 - (-4 + 5)).
-64
Calculate 2 - 5 - (386 - 437).
48
What is -5 + 1 + -8 - (-202 - -182)?
8
Evaluate 27 + 10 + 3 + -24 - (-13 - 10).
39
Calculate (-2 - 20 - (-767 - -757)) + 46.
34
What is (37 - 23 - -8) + 55 + 11 - 17?
71
Evaluate 40 + 0 + -3 + -15 - -81.
103
Evaluate 104 + 19 + -108 - (57 + 1).
-43
What is the value of (-2776 - -2750) + 0 + -1 + 0 + 2?
-25
Calculate (7 + -13 - -8 - -39) + 46 + -43.
44
Calculate -4 + -3 - ((16 - 12) + 17).
-28
14 - (9 + 2 - -2) - (33 - 94)
62
What is (-13 - 8) + -249 + 196?
-74
What is -5 - (0 + (-13 - -9 - 8) - -20)?
-13
Evaluate 23 - 108 - ((17 - 45) + 25).
-82
What is -73 + 61 + (24 - 4) - (2 + -1)?
7
What is 2 - (2 + -3 - 1) - ((-100 - 4) + 99)?
9
(10 - 2) + (24 + -9 - 12) + 24
35
What is the value of 12 + -24 - (-1 + 2 + -20 + 3) - 33?
-29
100 + (-137 - -50 - 51)
-38
Evaluate -4 - 91 - (1879 - 1997).
23
Calculate (-17 + 23 - 131) + 2.
-123
-46 - ((0 + 1 - (-14 - -1)) + -6 + -22)
-32
(1 - 0) + -68 + 0 + 10 - (126 + -135)
-48
(-12 - 68) + (-9 + 18 - 26 - -26)
-71
Calculate -5 + -22 - (110 - 83).
-54
What is the value of 63 + (-102 - (-98 - -72))?
-13
What is the value of (-2 - -33) + 3610 + -3575?
66
What is (56 - ((61 - 30) + -9)) + -3?
31
What is 15 + -4 + -29 + 41 - (7 + -11)?
27
What is -7 + -10 + -4 + 0 + (-5 + 1 - -15)?
-10
Evaluate 40 - -5 - ((3 - 7) + 0 + 17).
32
Calculate -28 + (5 + -7 - -4) + (2 - -4).
-20
Calculate -15 - (-9 + 1 + 301 + -226).
-82
Evaluate 2 + -26 - (39 - (13 - 48 - 8)).
-106
What is the value of 28 + (-53 + 44 - 39)?
-20
What is the value of (-50 - -61) + -83 + 112?
40
What is -9 + 3 + 13 + -6 + -7 + -37 + 5?
-38
Evaluate 0 + -1 + 4 + (-19 - -5) + 16 + -2.
3
(7 + -3 - (9 - (-4 + -3))) + -2
-14
25 + 15 + 44 + 29 + -61
52
Calculate (164 - 92) + -69 - (-2 + (-3 + -7 - -2)).
13
What is -14 + -20 + 21 - -39?
26
What is 6 + -4 + -15 + 4 + (52 - (11 + -51))?
83
What is (-10 - 5) + (18 - 17)?
-14
What is the value of -12 + (6 - -3) - 47 - -23?
-27
Calculate 9 + (-38 - -64) + (-5 - -7).
37
(215 - 94) + -133 - (10 - (2 + -1))
-21
What is 3 + (-12 - (-4 + -14 + 68) - -12)?
-47
What is the value of -45 - (11 + 26 - 48 - (12 - 1))?
-23
-13 - (36 - (-33 - -104))
22
What is -6 + -9 + 6 + -6 + 14 + -46?
-47
Calculate 10 + 8 + -1 + 22 + 5 + -8 + 6.
42
Calculate 0 + -206 + 3586 + -3480.
-100
Calculate -6 + (-7 - (5 - 1 - (54 + -63))).
-26
77 - 1 - (24 - (29 + 8 + -28))
61
Evaluate -480 - -554 - (57 - 1).
18
(23 + -14 - -13) + -2 - -28
48
(-9 - 44) + (-3 - 16 - -3 - -27)
-42
What is (88 - 55) + (0 - -2)?
35
2935 - 2925 - (-1 - -3 - 5)
13
What is the value of (5 - -46 - (11 + 9) - 14) + -49?
-32
What is (-23 - 1 - 1) + 11 + -43 + 19 + 15?
-23
What is 1 + -13 + (2 - (62 + -35) - 15)?
-52
What is the value of 52 + 0 - (72 + 55 + -102)?
27
What is the value of (-71 - -45) + 16 + 2 + -26?
-34
What is 2692 + -2710 + (53 - (0 + 2))?
33
60 + (-19 - (-1 + 13 - 29) - 4)
54
7 + (-6 - 0 - (-4 - (14 + -8))) + 42
53
What is the value of (-259 + 290 - (2 + 11)) + 28?
46
27 - (-77 + (93 - 22))
33
What is -3 - (58 - 20) - -6?
-35
Calculate (117 + -25 - 143) + 59.
8
Calculate -17 + (-25 - (16 - 107)) + -22.
27
(0 + -49 - (16 + -17)) + (-36 - -33)
-51
What is (19 - (-1 + 17) - 11 - -5) + -25?
-28
What is -5 + 1 - (-57 + 7) - (53 + -53)?
46
What is 16 + 5 + (26 + 149 - 78)?
118
What is (53 - (37 - 0) - 12) + (-50 - 1) + -1?
-48
-21 + -3 + 28 + -34 + 3
-27
What is the value of -337 + 33 + 24 + 142?
-138
Evaluate -13 - ((-16 + -12 - -40) + (0 - 22)).
-3
Calculate (-30 - 47 - -42) + 39 - 61.
-57
What is the value of 55 - (58 + 4 + -111)?
104
Calculate 34 + 2 + (4140 - 4056).
120
Evaluate (-1013 - -1017) + (-2 - 52).
-50
76 + (-10 - (-4 - 0 - (-446 + 453)))
77
66 + (27 - (-3 + 58)) - 18
20
What is 58 - (4 + 1 + -24 + 16 + -4)?
65
Calculate -3368 + 3418 + (-4 - 2).
44
Evaluate (25 - ((0 - 7) + 15)) + -85.
-68
What is 4 + -47 + 26 + 21 + -7 + -102?
-105
(-3 - -17) + (-1 - 0) - (-179 + 56)
136
((32 - 17) + -4 - 20) + (6 - -21)
18
18 - (15 + -6 - (73 + -83))
-1
(-2 - (12 - 2)) + -2 - (150 - (-53 - -86))
-131
(17 - 6) + (118 - 113) + (0 + 1 - 1)
16
(22 - -15) + -3 + 20 - -32
86
-12 - (2 + -5 - (-20 - (9 + -23)))
-15
What is -26 - -163 - (105 + 0)?
32
What is (-2 - -9 - (-4 + (-11 - -8) + -53)) + -8?
59
84 - -6 - 9 - (-9 - -24 - 18)
84
20 + -85 - -54 - (-3 - (-21 + 0))
-29
Calculate -19 + (-9 - (2 + -52)) - 4 - 55.
-37
What is (37 - 3) + -40 - 3?
-9
What is -40 - -60 - 28 - 10?
-18
5 - ((7 + 4 - 2) + -14) - (107 - 2)
-95
Calculate 17 + -8 + -4 + 5 + 4 + (8 - 15).
7
Calculate 113 + -19 + 61 + -55.
100
Calculate 12 + -1 + (-7 - (-18 + (-16 - -2))).
36
-56099 + 56130 - (0 - 14 - 0)
45
What is the value of (14 + -3 - 33) + 17 + 56?
51
Evaluate 30 + -41 + (225 - 283).
-69
Calculate 17 + (-10 - -23 - -22) + -18.
34
What is the value of -24 + 110 + (-37 - -22) + -15?
56
What is 125 + -68 + -59 - ((1 - 26) + 0)?
23
What is the value of (1 - 22) + (42 - (60 - 59))?
20
What is 41 - (13 - 7 - (-13 - -27 - 0))?
49
-126 + (-44 - (34 - 59)) + 47
-98
Calculate 66 + (72 + 9 - 181).
-34
What is the value of 1390 + -1400 + 18 + 1 + 2 + (-6 - -1)?
6
What is 3 + (-10 + (70 - 17) - -4) + (0 - -3)?
53
Evaluate -7 + -18 + 21 + 2 + -89.
-91
What is the value of -18 + (0 - 3) + (-33 + 24 - -98)?
68
(-17 - 0 - 0) + -56 + 81 + -87
-79
What is the value of -40 + -12 + 90 + -19?
19
Evaluate 6 + (-68 - -14) - -25 - -129.
106
What is the value of (2 + (3 - -4) - -2) + 1921 + -1907?
25
Calculate 2 + (91 - (80 - -8)) - ((0 - 1) + -56).
62
What is the value of (-3 - 9 - 7) + (2 - 8 - -8)?
-17
Evaluate -7 - (-12 + 0 + 3 + -23).
25
What is the value of (3 - -9) + 14 + -13 + 20?
33
What is the value of -5 + 18 + (87 - (0 + -6 + 3))?
103
4 - (-49 - (14 + (-34 - -12)) - -11)
34
What is -20 + (2 - -19 - ((9 - -4) + -1))?
-11
Calculate 53 + (19 + -9 + (0 - 16) - -1) - 4.
44
What is (-14 - 19) + 48 - 94 - (-16 + 2)?
-65
Calculate (-2 - 0) + -60 + (-12 - 29 - -9 - -36).
-58
12 + (-98 + (9 - -5 - 7) - -10) + 7
-62
Evaluate -55 + -29 + 34 + 47.
-3
102 - (9 + 1 + 190 + -173)
75
What is the value of 39 - (19 - -95) - (-2 - 15)?
-58
(2 - (4 - 72) - 3) + 61 + (-1 - 68)
59
Evaluate 30 + (1 - 31 - (-20 + (-24 - -28))).
16
0 + -6 + -37 + -1 + -1 + (-4991 - -4994)
-42
(1 + 1 - (8 + -7)) + (-45 - (-14 + -25))
-5
What is the value of 30 - (-2 - -8 - (-17 + 24 + -3))?
28
13 + (-3 - -12) + (37 - -11 - 12)
58
Calculate 48 + (-86 - -104) - 36.
30
What is the value of -1116 + 1094 - (6 - 3 - 64)?
39
Evaluate 52 - (-44 + 43 + 33).
20
Calculate -43 - ((-8 - (-5 - 1)) + (26 - 16)).
-51
What is the value of (62 - -16) + -53 + -22?
3
44 + -26 + 38 + -3 + (13 - (-5 - -4))
67
-6 + 0 + 0 + (-19 + -15 - -13 - -25)
-2
What is 129 + -59 - (-94 - -170)?
-6
(-12 - 6 - -31 - 39) + 97
71
Evaluate (4 - (1 - (8 + -15))) + -3 - (66 + -156).
83
What is -6 - (5 - -42 - 40)?
-13
Calculate -37 - (-14 + -5 + -2) - -6.
-10
What is the value of (-26 + 4 - (-52 - -15)) + -90?
-75
Calculate -10 - (-44 - (-20 - 6) - -19).
-11
What is -91 + 3 + (-1 - (-2 + 18) - -20)?
-85
38 + 0 - (39 + 28 + -26 - 21)
18
-361 + 388 + -41 + 2
-12
What is -1557 - -1658 - (2 - -79)?
20
(-20 + (-45 - -84) - 6) + (77 - 2)
88
Calculate 121 - -26 - (15 + (-33 - -21) + (-1 - 8)).
153
Calculate (3 - -13) + 72 + -128 - (0 - -8).
-48
-8 + -25 